 r = 344 + z. Calculate the greatest common divisor of 22 and r.
22
Let o(j) be the third derivative of j**6/120 + 2*j**5/15 - 5*j**4/12 - 7*j**3/6 + 7*j**2. Let l be o(-9). Calculate the highest common factor of l and 3.
1
Suppose 5*h = -4*s + 17, 12 = 2*h - s - 0. Let m be ((-25)/20)/(1/(-20)). Let n = 10 + m. Calculate the highest common divisor of n and h.
5
Let q(j) = 50*j**3 + 3*j - 16*j**2 - 49*j**3 - 2*j. Let b be q(16). Calculate the highest common factor of b and 16.
16
Suppose -a - 2*a - 2196 = 0. Let s = -479 - a. Let q be (10/15)/((-4)/(-138)). What is the highest common factor of q and s?
23
Let t(x) = -x + 10. Let n be t(7). Suppose 4*q - 21 = -4*i + 23, 0 = i - q - n. Let c be (154/(-8))/((-2)/8). Calculate the highest common divisor of i and c.
7
Let l(t) = -4*t + 98. Let o be l(22). What is the greatest common factor of 115 and o?
5
Let f be 3 - (-5 + 4)*372. Suppose -5*y + f - 126 = 3*a, 5*y = 5*a + 225. What is the greatest common factor of y and 6?
6
Let i be (12/4 + -4)/((-1)/65). What is the highest common factor of i and 52?
13
Let b(y) = -4*y + y - 6 + 3*y + 19*y. Let h be b(6). What is the greatest common factor of h and 12?
12
Suppose 0 = -20*a + 4812 - 1072. What is the highest common divisor of a and 22?
11
Suppose 2*x - 2 = 0, -9*x + 6*x + 2 = -a. What is the highest common divisor of a and 194?
1
Let k = 8 - -3. Let c be (-43)/(-2) + 3/6. Calculate the highest common divisor of k and c.
11
Let f = -687 + 681. Let c(z) = -2*z + 0*z**2 + 4*z**2 - 4 - 3*z**2. Let q be c(f). What is the highest common factor of q and 66?
22
Let i be -1*2/(-4) - (-2)/(-4). Suppose -4*d + 48 = 3*k, i*k - 2*k + 34 = 2*d. Calculate the highest common factor of 8 and k.
4
Let j = 17 + 10. Suppose -6*h - j = -411. Suppose x - 92 = -a, 5*a + 3*x = 4*x + 484. What is the highest common divisor of h and a?
32
Let y be 1*3 + (6 - 8). Let q = 3 - y. Suppose -5*t - k + 102 = 0, -34 = -t - q*k - 10. What is the highest common factor of 4 and t?
4
Let t(i) = i + 40. Let p be t(-37). Calculate the greatest common factor of p and 111.
3
Let x = -120 + 125. Calculate the greatest common divisor of x and 280.
5
Let x be 6/2 - (0 - 2). Let j = -150 - -181. Suppose -3*q + j = -x. Calculate the highest common divisor of q and 18.
6
Let x = -289 + 297. Calculate the highest common factor of x and 54.
2
Suppose 297 - 69 = -4*p. Let g be 382/6 + 38/p. Calculate the greatest common divisor of g and 9.
9
Let b be -1014*(70/15 - 5). Let f = b + -216. What is the greatest common factor of f and 183?
61
Suppose p = 2*m + 370, 3*p + 12*m - 8*m - 1060 = 0. What is the greatest common factor of 216 and p?
72
Let a be (100 - (-7 - -3)) + 0. What is the greatest common divisor of 8 and a?
8
Suppose -16*y - 2967 = -59*y. Calculate the greatest common factor of y and 23.
23
Suppose -3*a + 2*a + 4 = 4*j, j - a = 6. What is the highest common divisor of 19 and j?
1
Let d(t) = t**2 + 4*t + 9. Let w be d(-4). Let a(r) = r - 9. Let y be a(w). Suppose 4 + y = b. Calculate the highest common factor of 4 and b.
4
Let r(t) = -t**2 + t + 7. Let b be r(0). Suppose -9*p + 63 = -6*p. What is the greatest common divisor of p and b?
7
Let s be (1/(-3))/((-8)/240). Let v = 28 - s. Suppose -1 = -z + 8. What is the highest common factor of z and v?
9
Suppose 0 = -a + 3*a - 34. Let v be 20/((-10)/(-6) + 2/6). Suppose 4*h = 5*b - 73, -b + 16 + v = 3*h. What is the greatest common factor of b and a?
17
Let m be 3 + -1 + 357/17. Suppose 4*i + 30 = -42. Let p = i + m. What is the greatest common divisor of 5 and p?
5
Let g(t) = -5*t - 65. Let a be g(-28). Calculate the greatest common factor of a and 60.
15
Suppose -59 = -9*y + 67. Suppose -y = 7*m - 8*m. What is the greatest common divisor of m and 14?
14
Suppose -24 = 22*m - 90. What is the greatest common divisor of m and 192?
3
Let c be (-9)/(-1 + 4) + 36. Suppose 3*v - 5*w + 0*w = -c, -3*v - w = 15. Let s be (72/27)/((-4)/v). Calculate the greatest common factor of s and 20.
4
Let h be (-1)/5 + 1405/25 + -12. What is the greatest common factor of h and 2486?
22
Let c(f) = 11*f**3 - 19*f**2 - 15*f + 99. Let b be c(6). Calculate the greatest common divisor of 81 and b.
81
Let x be -2 + 2 + 10 + 3 + 1. Calculate the highest common divisor of x and 182.
14
Suppose f - 42 = -2*f. Suppose 4*d = 75 + 77. Let i be (-39)/(-13) + d + 1. Calculate the greatest common factor of i and f.
14
Let t be (845 - 14) + -2 + 7. What is the highest common divisor of t and 44?
44
Let f be (-6)/2 - (-19)/1. Calculate the highest common factor of f and 16.
16
Let x = -698 - -724. What is the highest common factor of x and 26?
26
Suppose -19*o + 13455 = 4*o. What is the greatest common factor of 13 and o?
13
Let f = 15 - 9. Let z be (-30)/(-3) + (f - 4). Calculate the greatest common factor of 60 and z.
12
Let p = 14 - 9. What is the greatest common divisor of 15 and p?
5
Suppose -2 = -2*l + l. Suppose 5*z = -l*z + 77. What is the greatest common divisor of z and 77?
11
Suppose 5*w = 4*w + 10. Let h be 71 + 1/(-3) + (-10)/15. Calculate the greatest common factor of h and w.
10
Let y(w) = w**3 - 5*w**2 - 4*w - 1. Let v be y(6). Let j be 4/34 - (-56916)/2601. Calculate the greatest common divisor of v and j.
11
Suppose -18 = -32*k + 29*k. What is the greatest common factor of 66 and k?
6
Let o be 6*(-3 + (-1)/(-3)). Let u = o + 19. Let q be (u/(-4))/(4/(-16)). What is the highest common factor of 1 and q?
1
Let n(y) = -y**2 + 37*y - 16. Let x be n(36). What is the greatest common factor of x and 220?
20
Let l = 19 + -29. Let o be (-101)/(-5) - 8/l. What is the greatest common divisor of 14 and o?
7
Suppose -8 = -3*o + 2*o. Suppose -5*d = -o*d. Suppose d = l + l - 208. Calculate the highest common divisor of l and 13.
13
Let q = -127 - -231. What is the highest common divisor of 52 and q?
52
Suppose 2*r - 332 = -2*t, -4*t + 2*r + 271 = -363. Calculate the highest common factor of t and 23.
23
Let g(s) = 21*s - 645. Let c be g(33). What is the highest common factor of 68 and c?
4
Let l = -102 - -126. Calculate the greatest common factor of 408 and l.
24
Let x(z) = -z**3 + 9*z**2 + 4*z - 14. Let j be x(8). Let r be (410/(-8))/((-2)/8). What is the highest common factor of j and r?
41
Suppose 369 = 5*r - w, -r - 4*w + 47 + 31 = 0. What is the greatest common divisor of 259 and r?
37
Suppose 0 = 31*d - 9*d - 1760. Calculate the greatest common divisor of 48 and d.
16
Let b be 132/9*(-9)/6. Let n be (96/1)/((-33)/b). Suppose -3*c = -c - 3*r - 72, 2*c = r + n. Calculate the highest common divisor of c and 30.
30
Let k be (3/9)/((-1946)/(-972) + -2). What is the highest common factor of 891 and k?
81
Let c be 25*(22/(-5))/(-1). Suppose 5*f + 0*f - 15 = 0. Suppose -12 = -4*r, -f*g = 4*r + 13 - 55. What is the highest common factor of g and c?
10
Let a = 172 + -119. Calculate the greatest common divisor of 53 and a.
53
Suppose -46*k - 55*k + 7878 = 0. What is the highest common factor of 13 and k?
13
Let d = 774 - 744. What is the greatest common factor of d and 3?
3
Suppose 0 = -7*y + 9 + 19. Suppose 56 = 3*x - 5*c, 0 = -y*x + 5*c + 53 + 25. What is the greatest common factor of 198 and x?
22
Let f be 238/(-85) + (-8)/(-10). Let y be f/(4/(-82)) - (3 + -1). What is the highest common divisor of 3 and y?
3
Suppose 0 = -5*c + 8*c - 24. Let d = 31 - c. What is the highest common divisor of 23 and d?
23
Suppose -3*f = 3*s - 924, 3*s = -10*f + 9*f + 916. Calculate the greatest common divisor of 19 and s.
19
Let s = 335 - 308. Calculate the highest common factor of 72 and s.
9
Suppose -2*x + 31 = f, -8*x = -4*f - 10*x + 142. Suppose -s - 1480 = -6*s. Calculate the highest common factor of s and f.
37
Let l(x) = 17*x + 2. Let z be l(2). Suppose -22*m + 55 + 143 = 0. What is the greatest common factor of z and m?
9
Let i = 223 + -13. Calculate the greatest common divisor of i and 126.
42
Let f = 535 + -267. Let s = f - 153. Calculate the highest common divisor of 46 and s.
23
Suppose -72*c = -62*c - 2160. What is the highest common divisor of c and 972?
108
Suppose -4*c - 276 = -0*c. Let y = c - -174. Calculate the highest common factor of y and 15.
15
Suppose 26*w = 28*w - 126. Let x be (6/4)/(6/36). What is the highest common divisor of w and x?
9
Let v = -17 + 21. Suppose 